.
3
Calculate the remainder when 49358 is divided by 735.
113
Calculate the remainder when 75199 is divided by 50.
49
Calculate the remainder when 2152 is divided by 177.
28
Calculate the remainder when 1595618 is divided by 52.
50
Calculate the remainder when 5797 is divided by 5531.
266
Calculate the remainder when 81299 is divided by 3251.
24
Calculate the remainder when 4629 is divided by 341.
196
What is the remainder when 18198 is divided by 6046?
60
What is the remainder when 2140 is divided by 255?
100
What is the remainder when 2000 is divided by 992?
16
Calculate the remainder when 284495 is divided by 971.
963
Calculate the remainder when 23960 is divided by 7970.
50
Calculate the remainder when 193303 is divided by 263.
261
What is the remainder when 453099 is divided by 481?
478
What is the remainder when 43154 is divided by 63?
62
What is the remainder when 6098 is divided by 2772?
554
Calculate the remainder when 108623 is divided by 1293.
11
What is the remainder when 2833 is divided by 2800?
33
Calculate the remainder when 129238 is divided by 13.
5
Calculate the remainder when 426 is divided by 72.
66
Calculate the remainder when 104113 is divided by 152.
145
What is the remainder when 3695 is divided by 369?
5
What is the remainder when 3184 is divided by 1588?
8
Calculate the remainder when 1996554 is divided by 40.
34
What is the remainder when 8254 is divided by 56?
22
What is the remainder when 39451 is divided by 72?
67
What is the remainder when 534 is divided by 129?
18
What is the remainder when 363873 is divided by 6?
3
Calculate the remainder when 10573 is divided by 72.
61
Calculate the remainder when 25050 is divided by 54.
48
Calculate the remainder when 851 is divided by 55.
26
Calculate the remainder when 5720 is divided by 237.
32
Calculate the remainder when 16894 is divided by 3328.
254
Calculate the remainder when 3024636 is divided by 640.
636
What is the remainder when 13794 is divided by 13758?
36
Calculate the remainder when 10865 is divided by 569.
54
Calculate the remainder when 273760 is divided by 603.
601
Calculate the remainder when 7827 is divided by 1557.
42
Calculate the remainder when 160366 is divided by 69.
10
What is the remainder when 24736 is divided by 7?
5
Calculate the remainder when 2899 is divided by 701.
95
What is the remainder when 3895 is divided by 27?
7
Calculate the remainder when 8584 is divided by 1156.
492
Calculate the remainder when 3070 is divided by 893.
391
What is the remainder when 2116 is divided by 654?
154
What is the remainder when 10909 is divided by 10900?
9
What is the remainder when 27787 is divided by 31?
11
What is the remainder when 8856 is divided by 540?
216
What is the remainder when 1870688 is divided by 12?
8
Calculate the remainder when 42134 is divided by 726.
26
What is the remainder when 7382 is divided by 28?
18
What is the remainder when 6490 is divided by 141?
4
What is the remainder when 101 is divided by 77?
24
What is the remainder when 7561 is divided by 838?
19
Calculate the remainder when 26501 is divided by 1053.
176
Calculate the remainder when 9234 is divided by 802.
412
Calculate the remainder when 54169 is divided by 58.
55
What is the remainder when 1002 is divided by 34?
16
What is the remainder when 1278 is divided by 265?
218
Calculate the remainder when 41344 is divided by 41259.
85
Calculate the remainder when 5533 is divided by 1332.
205
Calculate the remainder when 1105 is divided by 877.
228
What is the remainder when 3880 is divided by 52?
32
What is the remainder when 10006 is divided by 54?
16
What is the remainder when 735246 is divided by 735238?
8
What is the remainder when 1990 is divided by 170?
120
What is the remainder when 9346 is divided by 118?
24
What is the remainder when 7498 is divided by 342?
316
Calculate the remainder when 889 is divided by 836.
53
Calculate the remainder when 12610 is divided by 2424.
490
What is the remainder when 848876 is divided by 432?
428
Calculate the remainder when 256 is divided by 134.
122
Calculate the remainder when 398535 is divided by 6.
3
Calculate the remainder when 3498916 is divided by 197.
196
What is the remainder when 2617 is divided by 1018?
581
Calculate the remainder when 577678 is divided by 1237.
1236
What is the remainder when 20190279 is divided by 14?
11
Calculate the remainder when 2395 is divided by 1047.
301
What is the remainder when 1939 is divided by 635?
34
What is the remainder when 27021 is divided by 12?
9
What is the remainder when 2381 is divided by 62?
25
What is the remainder when 55965 is divided by 44?
41
What is the remainder when 49704 is divided by 64?
40
Calculate the remainder when 19018 is divided by 9475.
68
Calculate the remainder when 1834 is divided by 3.
1
What is the remainder when 19694 is divided by 1036?
10
What is the remainder when 997 is divided by 565?
432
Calculate the remainder when 75836 is divided by 67.
59
What is the remainder when 13953 is divided by 6919?
115
What is the remainder when 60253 is divided by 515?
513
Calculate the remainder when 90591 is divided by 299.
293
What is the remainder when 27312 is divided by 3?
0
Calculate the remainder when 99150 is divided by 11.
7
What is the remainder when 25231 is divided by 1800?
31
What is the remainder when 26862 is divided by 128?
110
What is the remainder when 1074156 is divided by 107?
90
Calculate the remainder when 9171 is divided by 44.
19
What is the remainder when 9861 is divided by 9857?
4
Calculate the remainder when 548325 is divided by 67.
64
Calculate the remainder when 483389 is divided by 55.
49
Calculate the remainder when 13028 is divided by 13005.
23
Calculate the remainder when 86615 is divided by 269.
266
Calculate the remainder when 262557 is divided by 52.
9
Calculate the remainder when 45617 is divided by 15.
2
Calculate the remainder when 15642 is divided by 62.
18
What is the remainder when 773684 is divided by 102?
14
What is the remainder when 10724 is divided by 5348?
28
What is the remainder when 25321 is divided by 137?
113
Calculate the remainder when 66436 is divided by 150.
136
What is the remainder when 5304 is divided by 847?
222
What is the remainder when 323665 is divided by 1808?
33
What is the remainder when 5355 is divided by 26?
25
What is the remainder when 231 is divided by 219?
12
Calculate the remainder when 37325 is divided by 13.
2
Calculate the remainder when 1108 is divided by 292.
232
What is the remainder when 1538 is divided by 407?
317
What is the remainder when 263 is divided by 50?
13
What is the remainder when 1270 is divided by 1014?
256
What is the remainder when 10778 is divided by 3330?
788
Calculate the remainder when 14013 is divided by 76.
29
Calculate the remainder when 172718 is divided by 11.
7
Calculate the remainder when 2531 is divided by 1261.
9
Calculate the remainder when 1707 is divided by 157.
137
What is the remainder when 76112 is divided by 268?
0
Calculate the remainder when 2415 is divided by 2269.
146
What is the remainder when 10461 is divided by 288?
93
Calculate the remainder when 20875 is divided by 1322.
1045
What is the remainder when 7930 is divided by 37?
12
What is the remainder when 35024 is divided by 3891?
5
Calculate the remainder when 163856 is divided by 47.
14
Calculate the remainder when 84629 is divided by 50.
29
Calculate the remainder when 1542871 is divided by 61.
59
What is the remainder when 870 is divided by 22?
12
What is the remainder when 117543 is divided by 39180?
3
Calculate the remainder when 26861 is divided by 448.
429
Calculate the remainder when 30235 is divided by 1211.
1171
What is the remainder when 74810 is divided by 178?
50
What is the remainder when 8502 is divided by 8382?
120
Calculate the remainder when 1779 is divided by 162.
159
Calculate the remainder when 1281 is divided by 446.
389
What is the remainder when 65689 is divided by 821?
9
Calculate the remainder when 17502 is divided by 8750.
2
What is the remainder when 248609 is divided by 26?
23
What is the remainder when 10967 is divided by 5426?
115
What is the remainder when 259150 is divided by 65?
60
What is the remainder when 2387 is divided by 40?
27
Calculate the remainder whe